[INFO] fetching crate wineventhook 0.7.0...
[INFO] checking wineventhook-0.7.0 against master#9610dfe5a9a731ced1ea4923ecbd0c57fe367898 for beta-170-4
[INFO] extracting crate wineventhook 0.7.0 into /workspace/builds/worker-6-tc1/source
[INFO] validating manifest of crates.io crate wineventhook 0.7.0 on toolchain 9610dfe5a9a731ced1ea4923ecbd0c57fe367898
[INFO] running `Command { std: CARGO_HOME="/workspace/cargo-home" RUSTUP_HOME="/workspace/rustup-home" "/workspace/cargo-home/bin/cargo" "+9610dfe5a9a731ced1ea4923ecbd0c57fe367898" "metadata" "--manifest-path" "Cargo.toml" "--no-deps", kill_on_drop: false }`
[INFO] started tweaking crates.io crate wineventhook 0.7.0
[INFO] finished tweaking crates.io crate wineventhook 0.7.0
[INFO] tweaked toml for crates.io crate wineventhook 0.7.0 written to /workspace/builds/worker-6-tc1/source/Cargo.toml
[INFO] crate crates.io crate wineventhook 0.7.0 already has a lockfile, it will not be regenerated
[INFO] running `Command { std: CARGO_HOME="/workspace/cargo-home" RUSTUP_HOME="/workspace/rustup-home" "/workspace/cargo-home/bin/cargo" "+9610dfe5a9a731ced1ea4923ecbd0c57fe367898" "fetch" "--manifest-path" "Cargo.toml", kill_on_drop: false }`
[INFO] [stderr]     Updating crates.io index
[INFO] [stderr]  Downloading crates ...
[INFO] [stderr]   Downloaded cstr v0.2.10
[INFO] [stderr]   Downloaded num_enum_derive v0.5.6
[INFO] [stderr]   Downloaded async-thread v0.1.2
[INFO] [stderr]   Downloaded num_enum v0.5.6
[INFO] running `Command { std: "docker" "create" "-v" "/var/lib/crater-agent-workspace/builds/worker-6-tc1/target:/opt/rustwide/target:rw,Z" "-v" "/var/lib/crater-agent-workspace/builds/worker-6-tc1/source:/opt/rustwide/workdir:ro,Z" "-v" "/var/lib/crater-agent-workspace/cargo-home:/opt/rustwide/cargo-home:ro,Z" "-v" "/var/lib/crater-agent-workspace/rustup-home:/opt/rustwide/rustup-home:ro,Z" "-e" "SOURCE_DIR=/opt/rustwide/workdir" "-e" "CARGO_TARGET_DIR=/opt/rustwide/target" "-e" "CARGO_HOME=/opt/rustwide/cargo-home" "-e" "RUSTUP_HOME=/opt/rustwide/rustup-home" "-w" "/opt/rustwide/workdir" "-m" "1610612736" "--user" "0:0" "--network" "none" "ghcr.io/rust-lang/crates-build-env/linux@sha256:19e73879b68f455e41552ea35293514db52ea292d993f571636dbffedb77a1ee" "/opt/rustwide/cargo-home/bin/cargo" "+9610dfe5a9a731ced1ea4923ecbd0c57fe367898" "metadata" "--no-deps" "--format-version=1", kill_on_drop: false }`
[INFO] [stdout] 8168bb363a3bfbe93090f6004068af6ebd89b2620970231e6027e492d0e9c290
[INFO] running `Command { std: "docker" "start" "-a" "8168bb363a3bfbe93090f6004068af6ebd89b2620970231e6027e492d0e9c290", kill_on_drop: false }`
[INFO] running `Command { std: "docker" "inspect" "8168bb363a3bfbe93090f6004068af6ebd89b2620970231e6027e492d0e9c290", kill_on_drop: false }`
[INFO] running `Command { std: "docker" "rm" "-f" "8168bb363a3bfbe93090f6004068af6ebd89b2620970231e6027e492d0e9c290", kill_on_drop: false }`
[INFO] [stdout] 8168bb363a3bfbe93090f6004068af6ebd89b2620970231e6027e492d0e9c290
[INFO] running `Command { std: "docker" "create" "-v" "/var/lib/crater-agent-workspace/builds/worker-6-tc1/target:/opt/rustwide/target:rw,Z" "-v" "/var/lib/crater-agent-workspace/builds/worker-6-tc1/source:/opt/rustwide/workdir:ro,Z" "-v" "/var/lib/crater-agent-workspace/cargo-home:/opt/rustwide/cargo-home:ro,Z" "-v" "/var/lib/crater-agent-workspace/rustup-home:/opt/rustwide/rustup-home:ro,Z" "-e" "SOURCE_DIR=/opt/rustwide/workdir" "-e" "CARGO_TARGET_DIR=/opt/rustwide/target" "-e" "CARGO_INCREMENTAL=0" "-e" "RUST_BACKTRACE=full" "-e" "RUSTFLAGS=--cap-lints=forbid" "-e" "RUSTDOCFLAGS=--cap-lints=forbid" "-e" "CARGO_HOME=/opt/rustwide/cargo-home" "-e" "RUSTUP_HOME=/opt/rustwide/rustup-home" "-w" "/opt/rustwide/workdir" "-m" "1610612736" "--user" "0:0" "--network" "none" "ghcr.io/rust-lang/crates-build-env/linux@sha256:19e73879b68f455e41552ea35293514db52ea292d993f571636dbffedb77a1ee" "/opt/rustwide/cargo-home/bin/cargo" "+9610dfe5a9a731ced1ea4923ecbd0c57fe367898" "check" "--frozen" "--all" "--all-targets" "--message-format=json", kill_on_drop: false }`
[INFO] [stdout] 6827595116f9aff5a6352321176cbd96795a320fa47ddc11d2e7eee3ddaa03c4
[INFO] running `Command { std: "docker" "start" "-a" "6827595116f9aff5a6352321176cbd96795a320fa47ddc11d2e7eee3ddaa03c4", kill_on_drop: false }`
[INFO] [stderr]    Compiling proc-macro2 v1.0.36
[INFO] [stderr]    Compiling syn v1.0.86
[INFO] [stderr]    Compiling futures-core v0.3.21
[INFO] [stderr]    Compiling libc v0.2.119
[INFO] [stderr]    Compiling futures-channel v0.3.21
[INFO] [stderr]    Compiling winapi v0.3.9
[INFO] [stderr]     Checking pin-project-lite v0.2.8
[INFO] [stderr]     Checking bitflags v1.3.2
[INFO] [stderr]     Checking once_cell v1.17.0
[INFO] [stderr]    Compiling tokio v1.24.2
[INFO] [stderr]     Checking async-thread v0.1.2
[INFO] [stderr]    Compiling quote v1.0.15
[INFO] [stderr]     Checking num_cpus v1.13.1
[INFO] [stderr]    Compiling cstr v0.2.10
[INFO] [stderr]    Compiling tokio-macros v1.7.0
[INFO] [stderr]    Compiling num_enum_derive v0.5.6
[INFO] [stderr]     Checking num_enum v0.5.6
[INFO] [stderr]     Checking wineventhook v0.7.0 (/opt/rustwide/workdir)
[INFO] [stdout] error[E0433]: failed to resolve: could not find `shared` in `winapi`
[INFO] [stdout]  --> examples/foreground.rs:8:5
[INFO] [stdout]   |
[INFO] [stdout] 8 |     shared::windef::HWND,
[INFO] [stdout]   |     ^^^^^^ could not find `shared` in `winapi`
[INFO] [stdout] 
[INFO] [stdout] 
[INFO] [stdout] error[E0433]: failed to resolve: could not find `um` in `winapi`
[INFO] [stdout]  --> examples/foreground.rs:9:5
[INFO] [stdout]   |
[INFO] [stdout] 9 |     um::{
[INFO] [stdout]   |     ^^ could not find `um` in `winapi`
[INFO] [stdout] 
[INFO] [stdout] 
[INFO] [stdout] error[E0433]: failed to resolve: could not find `um` in `winapi`
[INFO] [stdout]  --> examples/mouse.rs:3:13
[INFO] [stdout]   |
[INFO] [stdout] 3 | use winapi::um::winuser::GetCursorPos;
[INFO] [stdout]   |             ^^ could not find `um` in `winapi`
[INFO] [stdout] 
[INFO] [stdout] 
[INFO] [stdout] error[E0432]: unresolved imports `wineventhook::EventFilter`, `wineventhook::WindowEventHook`
[INFO] [stdout]  --> examples/simple.rs:1:20
[INFO] [stdout]   |
[INFO] [stdout] 1 | use wineventhook::{EventFilter, WindowEventHook};
[INFO] [stdout]   |                    ^^^^^^^^^^^  ^^^^^^^^^^^^^^^ no `WindowEventHook` in the root
[INFO] [stdout]   |                    |
[INFO] [stdout]   |                    no `EventFilter` in the root
[INFO] [stdout] 
[INFO] [stdout] 
[INFO] [stdout] error[E0432]: unresolved imports `wineventhook::raw_event`, `wineventhook::AccessibleObjectId`, `wineventhook::EventFilter`, `wineventhook::WindowEventHook`
[INFO] [stdout]   --> examples/foreground.rs:14:20
[INFO] [stdout]    |
[INFO] [stdout] 14 | use wineventhook::{raw_event, AccessibleObjectId, EventFilter, WindowEventHook};
[INFO] [stdout]    |                    ^^^^^^^^^  ^^^^^^^^^^^^^^^^^^  ^^^^^^^^^^^  ^^^^^^^^^^^^^^^ no `WindowEventHook` in the root
[INFO] [stdout]    |                    |          |                   |
[INFO] [stdout]    |                    |          |                   no `EventFilter` in the root
[INFO] [stdout]    |                    |          no `AccessibleObjectId` in the root
[INFO] [stdout]    |                    no `raw_event` in the root
[INFO] [stdout] 
[INFO] [stdout] 
[INFO] [stdout] error: aborting due to previous error
[INFO] [stdout] 
[INFO] [stdout] 
[INFO] [stdout] For more information about this error, try `rustc --explain E0432`.
[INFO] [stdout] 
[INFO] [stdout] error[E0432]: unresolved imports `wineventhook::raw_event`, `wineventhook::AccessibleObjectId`, `wineventhook::EventFilter`, `wineventhook::WindowEventHook`
[INFO] [stdout]  --> examples/mouse.rs:4:20
[INFO] [stdout]   |
[INFO] [stdout] 4 | use wineventhook::{raw_event, AccessibleObjectId, EventFilter, WindowEventHook};
[INFO] [stdout]   |                    ^^^^^^^^^  ^^^^^^^^^^^^^^^^^^  ^^^^^^^^^^^  ^^^^^^^^^^^^^^^ no `WindowEventHook` in the root
[INFO] [stdout]   |                    |          |                   |
[INFO] [stdout]   |                    |          |                   no `EventFilter` in the root
[INFO] [stdout]   |                    |          no `AccessibleObjectId` in the root
[INFO] [stdout]   |                    no `raw_event` in the root
[INFO] [stdout] 
[INFO] [stdout] 
[INFO] [stderr] error: could not compile `wineventhook` (example "simple") due to 2 previous errors
[INFO] [stderr] warning: build failed, waiting for other jobs to finish...
[INFO] [stdout] error: aborting due to 3 previous errors
[INFO] [stdout] 
[INFO] [stdout] 
[INFO] [stdout] Some errors have detailed explanations: E0432, E0433.
[INFO] [stdout] 
[INFO] [stdout] For more information about an error, try `rustc --explain E0432`.
[INFO] [stdout] 
[INFO] [stderr] error: could not compile `wineventhook` (example "foreground") due to 4 previous errors
[INFO] [stdout] error: aborting due to 2 previous errors
[INFO] [stdout] 
[INFO] [stdout] 
[INFO] [stdout] Some errors have detailed explanations: E0432, E0433.
[INFO] [stdout] 
[INFO] [stdout] For more information about an error, try `rustc --explain E0432`.
[INFO] [stdout] 
[INFO] [stderr] error: could not compile `wineventhook` (example "mouse") due to 3 previous errors
[INFO] running `Command { std: "docker" "inspect" "6827595116f9aff5a6352321176cbd96795a320fa47ddc11d2e7eee3ddaa03c4", kill_on_drop: false }`
[INFO] running `Command { std: "docker" "rm" "-f" "6827595116f9aff5a6352321176cbd96795a320fa47ddc11d2e7eee3ddaa03c4", kill_on_drop: false }`
[INFO] [stdout] 6827595116f9aff5a6352321176cbd96795a320fa47ddc11d2e7eee3ddaa03c4
